{"id":15213,"date":"2023-08-09T14:27:18","date_gmt":"2023-08-09T12:27:18","guid":{"rendered":"https:\/\/healing-alps.eu\/resource\/alpenmilch-und-milchprodukte\/"},"modified":"2023-08-09T14:27:18","modified_gmt":"2023-08-09T12:27:18","slug":"alpenmilch-und-milchprodukte","status":"publish","type":"healing-resource","link":"https:\/\/healing-alps.eu\/de\/resource\/alpenmilch-und-milchprodukte\/","title":{"rendered":"Alpenmilch und Milchprodukte"},"content":{"rendered":"\n<div class=\"wp-block-columns is-layout-flex wp-container-core-columns-is-layout-9d6595d7 wp-block-columns-is-layout-flex\">\n<div class=\"wp-block-column is-layout-flow wp-block-column-is-layout-flow\"><\/div>\n<\/div>\n\n<p class=\"has-text-align-center\">Eine alte Bauernregel besagt, dass das Gras immer besser wird, je h\u00f6her man geht, und oben ist es so gut, dass sogar die Bauern es essen m\u00f6chten. Zwar nimmt das Pflanzenwachstum mit der H\u00f6he ab und damit auch der Ertrag, aber mit zunehmender Sonneneinstrahlung verwerten die Alpenpflanzen mehr Energie, was wiederum zu einem h\u00f6heren Eiwei\u00df- und Fettgehalt f\u00fchrt. \u00c4hnlich verh\u00e4lt es sich bei den Tieren: Aufgrund der hohen Anforderungen, die das Leben in den Alpen an den K\u00f6rper stellt, werden die Tiere langsamer gem\u00e4stet als in der gleichen Zeitspanne im Tal, und die Milchleistung ist in h\u00f6heren Lagen deutlich geringer als im Tal. In den h\u00f6heren Lagen ist er jedoch cremiger: Auch heute noch enth\u00e4lt er zwischen 15 und 30 % mehr Fett als unten im Tal. Dar\u00fcber hinaus galten die Produkte aus den Alpen als schmackhafter und ges\u00fcnder, weil die dort vorkommenden Kr\u00e4uter einen hohen Anteil an \u00e4therischen \u00d6len enthielten. <\/p>\n\n<p class=\"has-text-align-center\">Die Milcherzeugung hat also eine lange Tradition im Alpenraum und wurde schon fr\u00fch mit positiven gesundheitlichen Auswirkungen in Verbindung gebracht. Es spielt eine Schl\u00fcsselrolle beim Schutz der alpinen Flora und Fauna sowie bei der Erhaltung regionaltypischer Landschaften. Sie ist auch integraler Bestandteil der \u00f6kologischen Struktur und der kulturellen Identit\u00e4t des Alpenraums und kann daher als wertvolle Produktkomponente im alpinen Gesundheitstourismus dienen. <\/p>\n\n<div class=\"wp-block-columns is-layout-flex wp-container-core-columns-is-layout-9d6595d7 wp-block-columns-is-layout-flex\">\n<div class=\"wp-block-column is-layout-flow wp-block-column-is-layout-flow\">\n<p><strong>Medizinischer Beweis:<\/strong><\/p>\n\n\n\n<p>Milch und Milchprodukte sind n\u00fctzliche Lebensmittel f\u00fcr alle Lebensphasen, insbesondere f\u00fcr die Kindheit und Jugend, da ihr Gehalt an Kalzium, Eiwei\u00df, Phosphor und anderen Mikron\u00e4hrstoffen die Entwicklung des Skeletts, der Muskeln und des Nervensystems f\u00f6rdern kann. Alpmilch und insbesondere Alpmilchprodukte scheinen aufgrund ihrer Zusammensetzung einen gesundheitsf\u00f6rdernden N\u00e4hrwert zu haben. Im Allgemeinen ist die Milch von mit Gras gef\u00fctterten Tieren ges\u00fcnder als die von mit Mais gef\u00fctterten Tieren. Einige Studien zeigen auch, dass Milchkonsum eine sch\u00fctzende Wirkung auf die Entwicklung von Allergien und Asthma haben k\u00f6nnte.<\/p>\n\n\n\n<p><strong>Studien zu medizinischen Erkenntnissen:<\/strong><\/p>\n\n\n\n<ul class=\"wp-block-list\"><li>Ressource: Auswirkungen von Bauernmilch. Indikation: Allergien und Asthma bei Kindern (Lluis et al., 2014): Evidenzstufe IIa<\/li><li>Ressource: Verbrauch von Bauernmilch. Indikation: Allergien und Asthma bei Kindern (Brick et al., 2016) Evidenzstufe IIa<\/li><\/ul>\n\n\n\n<p>Studien deuten darauf hin, dass der Verzehr von Milch, auch von Rohmilch, die sch\u00fctzende Wirkung der Landwirtschaft auf die Atopie (\u00dcberempfindlichkeit gegen ansonsten harmlose nat\u00fcrliche und k\u00fcnstliche Umweltstoffe) erkl\u00e4ren k\u00f6nnte. Bei den meisten Studien handelt es sich jedoch um Querschnittsstudien, und es sind weitere Untersuchungen erforderlich, um spezifische Schutzmittel oder -mechanismen zu ermitteln. Der Verzehr von Rohmilch ist nicht unbedenklich: Es ist daher wichtig zu verstehen, welche Bestandteile und Mechanismen sowohl der beobachteten Schutzwirkung als auch den Risiken zugrunde liegen, um Milch letztlich als Mittel der Prim\u00e4rpr\u00e4vention einsetzen zu k\u00f6nnen. Bis dahin kann der Verzehr von Rohmilch nicht unbedenklich empfohlen werden. <\/p>\n<\/div>\n\n\n\n<div class=\"wp-block-column is-layout-flow wp-block-column-is-layout-flow\">\n<figure class=\"wp-block-image size-large\"><img loading=\"lazy\" decoding=\"async\" width=\"1024\" height=\"683\" src=\"https:\/\/healing-alps.eu\/app\/uploads\/2022\/07\/15_Alpenmilch_Alex-Kaiser-Bregenzerwald-Tourismus-1024x683.jpeg\" alt=\"Alpenmilch mit K&#xE4;se und Brot\" class=\"wp-image-3527\" srcset=\"https:\/\/healing-alps.eu\/app\/uploads\/2022\/07\/15_Alpenmilch_Alex-Kaiser-Bregenzerwald-Tourismus-1024x683.jpeg 1024w, https:\/\/healing-alps.eu\/app\/uploads\/2022\/07\/15_Alpenmilch_Alex-Kaiser-Bregenzerwald-Tourismus-300x200.jpeg 300w, https:\/\/healing-alps.eu\/app\/uploads\/2022\/07\/15_Alpenmilch_Alex-Kaiser-Bregenzerwald-Tourismus-768x512.jpeg 768w, https:\/\/healing-alps.eu\/app\/uploads\/2022\/07\/15_Alpenmilch_Alex-Kaiser-Bregenzerwald-Tourismus-572x381.jpeg 572w, https:\/\/healing-alps.eu\/app\/uploads\/2022\/07\/15_Alpenmilch_Alex-Kaiser-Bregenzerwald-Tourismus.jpeg 1200w\" sizes=\"auto, (max-width: 1024px) 100vw, 1024px\" \/><\/figure>\n\n\n<div id=\"colored-section-block_62861df5e9a40\" class=\"colored-section alpine-block bg-grass text-white\">\n\t<div class=\"container\">\n\t\t<div class=\"page\" title=\"Seite 9\">\n<div class=\"section\">\n<div class=\"layoutArea\">\n<div class=\"column\">\n<div class=\"page\" title=\"Seite 9\">\n<div class=\"section\">\n<div class=\"layoutArea\">\n<div class=\"column\">\n<h4>Potenzial des Gesundheitstourismus:<\/h4>\n<\/div>\n<\/div>\n<\/div>\n<\/div>\n<ul>\n<li>Integration von alpinen Milchprodukten als Produktkomponenten in gesundheitstouristische Wertsch\u00f6pfungsketten.<\/li>\n<li>Urlaub auf dem Bauernhof f\u00fcr Familien mit Kindern im ersten Lebensjahr zur Vorbeugung von Allergien und Asthma (muss weiter untersucht werden, da die meisten Studien Querschnittsstudien sind).<\/li>\n<\/ul>\n<\/div>\n<\/div>\n<\/div>\n<\/div>\n\t<\/div>\n\t\t<style type=\"text\/css\">\n\t\t#colored-section-block_62861df5e9a40 {\n\t\t\tpadding-top: 30px;\n\t\t\tpadding-bottom: 30px;\n\t\t}\n\t<\/style>\n\t<\/div>\n<\/div>\n<\/div>\n\n<div class=\"wp-block-columns is-layout-flex wp-container-core-columns-is-layout-9d6595d7 wp-block-columns-is-layout-flex\">\n<div class=\"wp-block-column is-layout-flow wp-block-column-is-layout-flow\"><div id=\"pdf-download-block_630dc2d5cebf4\" class=\"pdf-download alpine-block alignleft\">\n\t<div class=\"container\">\n\t\t<h2>PDF Download:<\/h2>\n\t\t<p class=\"font-weight-bolder\">Geben Sie Ihre E-Mail-Adresse ein, und Sie erhalten eine PDF-Datei zur Ansicht.<\/p>\n\t\t<div class=\"py-3 pdf-download-form\" data-attachment-url=\"aHR0cHM6Ly9oZWFsaW5nLWFscHMuZXUvYXBwL3VwbG9hZHMvMjAyMi8wOC9BbHBpbmUtbWlsay1hbmQtZGFpcnktcHJvZHVjdHMucGRm\">\n\t\t\t\n<div class=\"wpcf7 no-js\" id=\"wpcf7-f4675-o1\" lang=\"en-US\" dir=\"ltr\" data-wpcf7-id=\"4675\">\n<div class=\"screen-reader-response\"><p role=\"status\" aria-live=\"polite\" aria-atomic=\"true\"><\/p> <ul><\/ul><\/div>\n<form action=\"\/de\/wp-json\/wp\/v2\/healing-resource\/15213#wpcf7-f4675-o1\" method=\"post\" class=\"wpcf7-form init\" aria-label=\"Contact form\" novalidate=\"novalidate\" data-status=\"init\">\n<div style=\"display: none;\">\n<input type=\"hidden\" name=\"_wpcf7\" value=\"4675\" \/>\n<input type=\"hidden\" name=\"_wpcf7_version\" value=\"6.0.6\" \/>\n<input type=\"hidden\" name=\"_wpcf7_locale\" value=\"en_US\" \/>\n<input type=\"hidden\" name=\"_wpcf7_unit_tag\" value=\"wpcf7-f4675-o1\" \/>\n<input type=\"hidden\" name=\"_wpcf7_container_post\" value=\"0\" \/>\n<input type=\"hidden\" name=\"_wpcf7_posted_data_hash\" value=\"\" \/>\n<input type=\"hidden\" name=\"_wpcf7_recaptcha_response\" value=\"\" \/>\n<\/div>\n<input class=\"wpcf7-form-control wpcf7-hidden\" value=\"Alpine milk and dairy products\" type=\"hidden\" name=\"downloaded-file\" \/>\n<div class=\"form-group\">\n\t<p><span class=\"wpcf7-form-control-wrap\" data-name=\"your-name\"><input size=\"40\" maxlength=\"400\" class=\"wpcf7-form-control wpcf7-text wpcf7-validates-as-required\" aria-required=\"true\" aria-invalid=\"false\" placeholder=\"Name\" value=\"\" type=\"text\" name=\"your-name\" \/><\/span>\n\t<\/p>\n<\/div>\n<div class=\"form-group\">\n\t<p><span class=\"wpcf7-form-control-wrap\" data-name=\"your-email\"><input size=\"40\" maxlength=\"400\" class=\"wpcf7-form-control wpcf7-email wpcf7-validates-as-required wpcf7-text wpcf7-validates-as-email\" aria-required=\"true\" aria-invalid=\"false\" placeholder=\"E-mail address\" value=\"\" type=\"email\" name=\"your-email\" \/><\/span>\n\t<\/p>\n<\/div>\n<div class=\"form-group form-check\">\n\t<p><span class=\"wpcf7-form-control-wrap\" data-name=\"gdpr\"><span class=\"wpcf7-form-control wpcf7-acceptance\"><span class=\"wpcf7-list-item\"><label><input type=\"checkbox\" name=\"gdpr\" value=\"1\" class=\"form-check-input\" aria-invalid=\"false\" \/><span class=\"wpcf7-list-item-label\">Agree to Terms &#038; Conditions<\/span><\/label><\/span><\/span><\/span>\n\t<\/p>\n<\/div>\n<div>\n\t<p><input class=\"wpcf7-form-control wpcf7-submit has-spinner btn btn-primary\" type=\"submit\" value=\"Download PDF\" \/>\n\t<\/p>\n<\/div><div class=\"wpcf7-response-output\" aria-hidden=\"true\"><\/div>\n<\/form>\n<\/div>\n\t\t<\/div>\n\t<\/div>\n<\/div>\n<\/div>\n<\/div>\n","protected":false},"excerpt":{"rendered":"<p>Eine alte Bauernregel besagt, dass das Gras immer besser wird, je h\u00f6her man geht, und oben ist es so gut, dass sogar die Bauern es essen m\u00f6chten. Zwar nimmt das Pflanzenwachstum mit der H\u00f6he ab und damit auch der Ertrag, aber mit zunehmender Sonneneinstrahlung verwerten die Alpenpflanzen mehr Energie, was wiederum zu einem h\u00f6heren Eiwei\u00df- [&#8230;]<\/p>\n","protected":false},"featured_media":0,"template":"","healing-resource-indication":[4636,4611],"healing-resource-movement-form":[],"class_list":["post-15213","healing-resource","type-healing-resource","status-publish","hentry","healing-resource-indication-alpenmilch-und-milchprodukte","healing-resource-indication-kinderasthma"],"acf":[],"_links":{"self":[{"href":"https:\/\/healing-alps.eu\/de\/wp-json\/wp\/v2\/healing-resource\/15213","targetHints":{"allow":["GET"]}}],"collection":[{"href":"https:\/\/healing-alps.eu\/de\/wp-json\/wp\/v2\/healing-resource"}],"about":[{"href":"https:\/\/healing-alps.eu\/de\/wp-json\/wp\/v2\/types\/healing-resource"}],"wp:attachment":[{"href":"https:\/\/healing-alps.eu\/de\/wp-json\/wp\/v2\/media?parent=15213"}],"wp:term":[{"taxonomy":"healing-resource-indication","embeddable":true,"href":"https:\/\/healing-alps.eu\/de\/wp-json\/wp\/v2\/healing-resource-indication?post=15213"},{"taxonomy":"healing-resource-movement-form","embeddable":true,"href":"https:\/\/healing-alps.eu\/de\/wp-json\/wp\/v2\/healing-resource-movement-form?post=15213"}],"curies":[{"name":"wp","href":"https:\/\/api.w.org\/{rel}","templated":true}]}}

<div class="wp-block-columns is-layout-flex wp-container-core-columns-is-layout-9d6595d7 wp-block-columns-is-layout-flex">
<div class="wp-block-column is-layout-flow wp-block-column-is-layout-flow"></div>
</div>

<p class="has-text-align-center">Eine alte Bauernregel besagt, dass das Gras immer besser wird, je höher man geht, und oben ist es so gut, dass sogar die Bauern es essen möchten. Zwar nimmt das Pflanzenwachstum mit der Höhe ab und damit auch der Ertrag, aber mit zunehmender Sonneneinstrahlung verwerten die Alpenpflanzen mehr Energie, was wiederum zu einem höheren Eiweiß- und Fettgehalt führt. Ähnlich verhält es sich bei den Tieren: Aufgrund der hohen Anforderungen, die das Leben in den Alpen an den Körper stellt, werden die Tiere langsamer gemästet als in der gleichen Zeitspanne im Tal, und die Milchleistung ist in höheren Lagen deutlich geringer als im Tal. In den höheren Lagen ist er jedoch cremiger: Auch heute noch enthält er zwischen 15 und 30 % mehr Fett als unten im Tal. Darüber hinaus galten die Produkte aus den Alpen als schmackhafter und gesünder, weil die dort vorkommenden Kräuter einen hohen Anteil an ätherischen Ölen enthielten. </p>

<p class="has-text-align-center">Die Milcherzeugung hat also eine lange Tradition im Alpenraum und wurde schon früh mit positiven gesundheitlichen Auswirkungen in Verbindung gebracht. Es spielt eine Schlüsselrolle beim Schutz der alpinen Flora und Fauna sowie bei der Erhaltung regionaltypischer Landschaften. Sie ist auch integraler Bestandteil der ökologischen Struktur und der kulturellen Identität des Alpenraums und kann daher als wertvolle Produktkomponente im alpinen Gesundheitstourismus dienen. </p>

<div class="wp-block-columns is-layout-flex wp-container-core-columns-is-layout-9d6595d7 wp-block-columns-is-layout-flex">
<div class="wp-block-column is-layout-flow wp-block-column-is-layout-flow">
<p><strong>Medizinischer Beweis:</strong></p>



<p>Milch und Milchprodukte sind nützliche Lebensmittel für alle Lebensphasen, insbesondere für die Kindheit und Jugend, da ihr Gehalt an Kalzium, Eiweiß, Phosphor und anderen Mikronährstoffen die Entwicklung des Skeletts, der Muskeln und des Nervensystems fördern kann. Alpmilch und insbesondere Alpmilchprodukte scheinen aufgrund ihrer Zusammensetzung einen gesundheitsfördernden Nährwert zu haben. Im Allgemeinen ist die Milch von mit Gras gefütterten Tieren gesünder als die von mit Mais gefütterten Tieren. Einige Studien zeigen auch, dass Milchkonsum eine schützende Wirkung auf die Entwicklung von Allergien und Asthma haben könnte.</p>



<p><strong>Studien zu medizinischen Erkenntnissen:</strong></p>



<ul class="wp-block-list"><li>Ressource: Auswirkungen von Bauernmilch. Indikation: Allergien und Asthma bei Kindern (Lluis et al., 2014): Evidenzstufe IIa</li><li>Ressource: Verbrauch von Bauernmilch. Indikation: Allergien und Asthma bei Kindern (Brick et al., 2016) Evidenzstufe IIa</li></ul>



<p>Studien deuten darauf hin, dass der Verzehr von Milch, auch von Rohmilch, die schützende Wirkung der Landwirtschaft auf die Atopie (Überempfindlichkeit gegen ansonsten harmlose natürliche und künstliche Umweltstoffe) erklären könnte. Bei den meisten Studien handelt es sich jedoch um Querschnittsstudien, und es sind weitere Untersuchungen erforderlich, um spezifische Schutzmittel oder -mechanismen zu ermitteln. Der Verzehr von Rohmilch ist nicht unbedenklich: Es ist daher wichtig zu verstehen, welche Bestandteile und Mechanismen sowohl der beobachteten Schutzwirkung als auch den Risiken zugrunde liegen, um Milch letztlich als Mittel der Primärprävention einsetzen zu können. Bis dahin kann der Verzehr von Rohmilch nicht unbedenklich empfohlen werden. </p>
</div>



<div class="wp-block-column is-layout-flow wp-block-column-is-layout-flow">
<figure class="wp-block-image size-large"><img loading="lazy" decoding="async" width="1024" height="683" src="https://healing-alps.eu/app/uploads/2022/07/15_Alpenmilch_Alex-Kaiser-Bregenzerwald-Tourismus-1024x683.jpeg" alt="Alpenmilch mit K&#xE4;se und Brot" class="wp-image-3527" srcset="https://healing-alps.eu/app/uploads/2022/07/15_Alpenmilch_Alex-Kaiser-Bregenzerwald-Tourismus-1024x683.jpeg 1024w, https://healing-alps.eu/app/uploads/2022/07/15_Alpenmilch_Alex-Kaiser-Bregenzerwald-Tourismus-300x200.jpeg 300w, https://healing-alps.eu/app/uploads/2022/07/15_Alpenmilch_Alex-Kaiser-Bregenzerwald-Tourismus-768x512.jpeg 768w, https://healing-alps.eu/app/uploads/2022/07/15_Alpenmilch_Alex-Kaiser-Bregenzerwald-Tourismus-572x381.jpeg 572w, https://healing-alps.eu/app/uploads/2022/07/15_Alpenmilch_Alex-Kaiser-Bregenzerwald-Tourismus.jpeg 1200w" sizes="auto, (max-width: 1024px) 100vw, 1024px" /></figure>


<div id="colored-section-block_62861df5e9a40" class="colored-section alpine-block bg-grass text-white">
	<div class="container">
		<div class="page" title="Seite 9">
<div class="section">
<div class="layoutArea">
<div class="column">
<div class="page" title="Seite 9">
<div class="section">
<div class="layoutArea">
<div class="column">
<h4>Potenzial des Gesundheitstourismus:</h4>
</div>
</div>
</div>
</div>
<ul>
<li>Integration von alpinen Milchprodukten als Produktkomponenten in gesundheitstouristische Wertschöpfungsketten.</li>
<li>Urlaub auf dem Bauernhof für Familien mit Kindern im ersten Lebensjahr zur Vorbeugung von Allergien und Asthma (muss weiter untersucht werden, da die meisten Studien Querschnittsstudien sind).</li>
</ul>
</div>
</div>
</div>
</div>
	</div>
		<style type="text/css">
		#colored-section-block_62861df5e9a40 {
			padding-top: 30px;
			padding-bottom: 30px;
		}
	</style>
	</div>
</div>
</div>

<div class="wp-block-columns is-layout-flex wp-container-core-columns-is-layout-9d6595d7 wp-block-columns-is-layout-flex">
<div class="wp-block-column is-layout-flow wp-block-column-is-layout-flow"><div id="pdf-download-block_630dc2d5cebf4" class="pdf-download alpine-block alignleft">
	<div class="container">
		<h2>PDF Download:</h2>
		<p class="font-weight-bolder">Geben Sie Ihre E-Mail-Adresse ein, und Sie erhalten eine PDF-Datei zur Ansicht.</p>
		<div class="py-3 pdf-download-form" data-attachment-url="aHR0cHM6Ly9oZWFsaW5nLWFscHMuZXUvYXBwL3VwbG9hZHMvMjAyMi8wOC9BbHBpbmUtbWlsay1hbmQtZGFpcnktcHJvZHVjdHMucGRm">
			
<div class="wpcf7 no-js" id="wpcf7-f4675-o1" lang="en-US" dir="ltr" data-wpcf7-id="4675">
<div class="screen-reader-response"><p role="status" aria-live="polite" aria-atomic="true"></p> <ul></ul></div>
<form action="/de/wp-json/wp/v2/healing-resource/15213#wpcf7-f4675-o1" method="post" class="wpcf7-form init" aria-label="Contact form" novalidate="novalidate" data-status="init">
<div style="display: none;">
<input type="hidden" name="_wpcf7" value="4675" />
<input type="hidden" name="_wpcf7_version" value="6.0.6" />
<input type="hidden" name="_wpcf7_locale" value="en_US" />
<input type="hidden" name="_wpcf7_unit_tag" value="wpcf7-f4675-o1" />
<input type="hidden" name="_wpcf7_container_post" value="0" />
<input type="hidden" name="_wpcf7_posted_data_hash" value="" />
<input type="hidden" name="_wpcf7_recaptcha_response" value="" />
</div>
<input class="wpcf7-form-control wpcf7-hidden" value="Alpine milk and dairy products" type="hidden" name="downloaded-file" />
<div class="form-group">
	<p><span class="wpcf7-form-control-wrap" data-name="your-name"><input size="40" maxlength="400" class="wpcf7-form-control wpcf7-text wpcf7-validates-as-required" aria-required="true" aria-invalid="false" placeholder="Name" value="" type="text" name="your-name" /></span>
	</p>
</div>
<div class="form-group">
	<p><span class="wpcf7-form-control-wrap" data-name="your-email"><input size="40" maxlength="400" class="wpcf7-form-control wpcf7-email wpcf7-validates-as-required wpcf7-text wpcf7-validates-as-email" aria-required="true" aria-invalid="false" placeholder="E-mail address" value="" type="email" name="your-email" /></span>
	</p>
</div>
<div class="form-group form-check">
	<p><span class="wpcf7-form-control-wrap" data-name="gdpr"><span class="wpcf7-form-control wpcf7-acceptance"><span class="wpcf7-list-item"><label><input type="checkbox" name="gdpr" value="1" class="form-check-input" aria-invalid="false" /><span class="wpcf7-list-item-label">Agree to Terms &#038; Conditions</span></label></span></span></span>
	</p>
</div>
<div>
	<p><input class="wpcf7-form-control wpcf7-submit has-spinner btn btn-primary" type="submit" value="Download PDF" />
	</p>
</div><div class="wpcf7-response-output" aria-hidden="true"></div>
</form>
</div>
		</div>
	</div>
</div>
</div>
</div>

<p>Eine alte Bauernregel besagt, dass das Gras immer besser wird, je höher man geht, und oben ist es so gut, dass sogar die Bauern es essen möchten. Zwar nimmt das Pflanzenwachstum mit der Höhe ab und damit auch der Ertrag, aber mit zunehmender Sonneneinstrahlung verwerten die Alpenpflanzen mehr Energie, was wiederum zu einem höheren Eiweiß- [&#8230;]</p>
